undred millions digit of 4637949011?
6
What is the units digit of 178525132?
2
What is the tens digit of 419404409?
0
What is the units digit of 52080776?
6
What is the ten thousands digit of 223870778?
7
What is the hundred thousands digit of 12375775?
3
What is the millions digit of 1132736?
1
What is the units digit of 35702627?
7
What is the units digit of 3061054?
4
What is the millions digit of 39916446?
9
What is the hundreds digit of 4638820229?
2
What is the ten millions digit of 456121562?
5
What is the units digit of 6878338?
8
What is the units digit of 203280571?
1
What is the units digit of 117502376?
6
What is the ten thousands digit of 681125207?
2
What is the millions digit of 1937011799?
7
What is the millions digit of 2121622641?
1
What is the ten thousands digit of 24796382?
9
What is the thousands digit of 646939676?
9
What is the ten millions digit of 5606808389?
0
What is the tens digit of 287238301?
0
What is the ten thousands digit of 119926542?
2
What is the hundred thousands digit of 31894954?
8
What is the ten thousands digit of 51868098?
6
What is the hundreds digit of 49497425?
4
What is the units digit of 82697440?
0
What is the units digit of 7490878237?
7
What is the hundred millions digit of 240455610?
2
What is the hundred thousands digit of 1905024906?
0
What is the hundred millions digit of 178075183?
1
What is the units digit of 71441374?
4
What is the billions digit of 2045306220?
2
What is the units digit of 663101455?
5
What is the hundred thousands digit of 545457270?
4
What is the hundred thousands digit of 1308965126?
9
What is the tens digit of 622275523?
2
What is the hundred thousands digit of 661535527?
5
What is the ten thousands digit of 97733?
9
What is the ten thousands digit of 1030026085?
2
What is the ten millions digit of 3078839716?
7
What is the millions digit of 1294816629?
4
What is the millions digit of 7882403426?
2
What is the hundreds digit of 44827794?
7
What is the hundred millions digit of 354466848?
3
What is the millions digit of 154945386?
4
What is the hundred thousands digit of 216749503?
7
What is the hundred thousands digit of 66202446?
2
What is the ten thousands digit of 242145479?
4
What is the tens digit of 56246085?
8
What is the units digit of 88689864?
4
What is the hundred millions digit of 156428963?
1
What is the hundreds digit of 77020066?
0
What is the units digit of 38606921?
1
What is the ten thousands digit of 2495387?
9
What is the ten millions digit of 3085531250?
8
What is the hundred millions digit of 2981233099?
9
What is the hundreds digit of 144373651?
6
What is the hundreds digit of 35783737?
7
What is the millions digit of 717440236?
7
What is the millions digit of 586676663?
6
What is the ten thousands digit of 1619752344?
5
What is the billions digit of 1056106828?
1
What is the millions digit of 1624675612?
4
What is the hundred millions digit of 132364257?
1
What is the ten thousands digit of 4233219219?
1
What is the thousands digit of 874841361?
1
What is the hundred millions digit of 154203677?
1
What is the thousands digit of 72781548?
1
What is the tens digit of 303710357?
5
What is the hundred thousands digit of 5533450084?
4
What is the ten millions digit of 32738809?
3
What is the units digit of 125731013?
3
What is the ten millions digit of 1088755661?
8
What is the hundred millions digit of 2192769613?
1
What is the millions digit of 3077594207?
7
What is the tens digit of 35105019?
1
What is the hundreds digit of 360701245?
2
What is the billions digit of 1764138023?
1
What is the hundreds digit of 28808963?
9
What is the tens digit of 176946860?
6
What is the ten millions digit of 3952246021?
5
What is the hundreds digit of 24834527?
5
What is the ten millions digit of 2432883759?
3
What is the thousands digit of 134210599?
0
What is the hundred thousands digit of 20323601?
3
What is the hundred millions digit of 200906120?
2
What is the hundred millions digit of 127333125?
1
What is the millions digit of 133406089?
3
What is the hundreds digit of 111516079?
0
What is the hundreds digit of 66103207?
2
What is the hundred millions digit of 196641461?
1
What is the ten thousands digit of 459611127?
1
What is the hundreds digit of 27435625?
6
What is the hundreds digit of 31095088?
0
What is the hundred millions digit of 495220745?
4
What is the hundreds digit of 47505500?
5
What is the millions digit of 1857543148?
7
What is the millions digit of 5883838005?
3
What is the thousands digit of 10450210?
0
What is the ten thousands digit of 1758464435?
6
What is the tens digit of 93608954?
5
What is the hundreds digit of 316873342?
3
What is the ten thousands digit of 367455176?
5
What is the millions digit of 80800837?
0
What is the hundred thousands digit of 5341098268?
0
What is the hundreds digit of 64852902?
9
What is the millions digit of 3699404498?
9
What is the thousands digit of 17632857?
2
What is the ten millions digit of 19622764?
1
What is the units digit of 8734105?
5
What is the hundred thousands digit of 3202532807?
5
What is the ten thousands digit of 166945697?
4
What is the tens digit of 91376526?
2
What is the hundred millions digit of 894357476?
8
What is the units digit of 326287187?
7
What is the ten thousands digit of 3855071?
5
What is the hundred thousands digit of 49981629?
9
What is the thousands digit of 3405272621?
2
What is the hundreds digit of 2225094841?
8
What is the ten thousands digit of 195288401?
8
What is the hundreds digit of 23916063?
0
What is the millions digit of 35155021?
5
What is the ten millions digit of 328797016?
2
What is the ten thousands digit of 2211084410?
8
What is the hundreds digit of 109888828?
8
What is the hundred millions digit of 1675295969?
6
What is the hundred millions digit of 1794222859?
7
What is the ten thousands digit of 111538580?
3
What is the hundred thousands digit of 2012569?
0
What is the hundred thousands digit of 1085080729?
0
What is the hundreds digit of 4807469860?
8
What is the hundreds digit of 55051865?
8
What is the ten millions digit of 37796223?
3
What is the ten millions digit of 87107294?
8
What is the thousands digit of 2601719713?
9
What is the units digit of 1219904?
4
What is the hundreds digit of 80960312?
3
What is the ten millions digit of 136882444?
3
What is the hundred millions digit of 146666868?
1
What is the ten millions digit of 15344581?
1
What is the ten millions digit of 127903354?
2
What is the millions digit of 230217375?
0
What is the ten thousands digit of 99701696?
0
What is the tens digit of 14803444?
4
What is the millions digit of 671941776?
1
What is the hundreds digit of 13114717?
7
What is the units digit of 391171282?
2
What is the units digit of 96238533?
3
What is the units digit of 189204042?
2
What is the hundred thousands digit of 27198079?
1
What is the units digit of 68708999?
9
What is the millions digit of 15305945?
5
What is the ten millions digit of 46035623?
4
What is the billions digit of 2218440507?
2
What is the ten thousands digit of 128168235?
6
What is the ten millions digit of 180285859?
8
What is the hundreds digit of 470569618?
6
What is the millions digit of 116947179?
6
What is the tens digit of 1318649845?
4
What is the hundred millions digit of 302815271?
3
What is the hundreds digit of 77823897?
8
What is the hundreds digit of 108689156?
1
What is the ten millions digit of 2165358148?
6
What is the hundred thousands digit of 63386200?
3
What is the ten thousands digit of 195816771?
1
What is the ten millions digit of 539751241?
3
What is the thousands digit of 42107987?
7
What is the ten thousands digit of 50599012?
9
What is the thousands digit of 103820208?
0
What is the thousands digit of 41271177?
1
What is the ten millions digit of 8748068740?
4
What is the units digit of 377327557?
7
What is the hundred thousands digit of 398440123?
4
What is the thousands digit of 601223933?
3
What is the ten thousands digit of 1224539285?
3
What is the hundred thousands digit of 1244071117?
0
What is the hundreds digit of 324019798?
7
What is the thousands digit of 687546820?
6
What is the hundred millions digit of 189026337?
1
What is the hundreds digit of 761218994?
9
What is the hundreds digit 